{"id":27,"date":"2022-03-05T06:13:08","date_gmt":"2022-03-05T06:13:08","guid":{"rendered":"https:\/\/einachserteam-hinterland.ch\/?page_id=27"},"modified":"2025-07-17T06:22:16","modified_gmt":"2025-07-17T06:22:16","slug":"reglement","status":"publish","type":"page","link":"https:\/\/einachserteam-hinterland.ch\/index.php\/reglement\/","title":{"rendered":"Reglement"},"content":{"rendered":"\n<p><strong>Reglement Einachserrennen Hofstatt<\/strong><\/p>\n\n\n\n<p><strong>Kategorie Standard<\/strong><\/p>\n\n\n\n<ul class=\"wp-block-list\">\n<li>Motor, Getriebe, R\u00e4der und Treibachse m\u00fcssen original sein.<\/li>\n\n\n\n<li>Der Retourgang muss funktionieren.<\/li>\n\n\n\n<li>Der Regler und der Auspuff d\u00fcrfen manipuliert werden.<\/li>\n\n\n\n<li>Die Ladebr\u00fccke muss mind. 2.7m lang sein, ohne Deichsel und 1-1.5m breit, gr\u00f6ssere werden angenommen.<\/li>\n\n\n\n<li>Einachser mit zu kleiner Ladebr\u00fccke gelten als Kategorie Sport.<\/li>\n\n\n\n<li>Originalmotorisierte ohne Treibachse werden in der Kat. Sport gewertet.<\/li>\n<\/ul>\n\n\n\n<p><strong>Kategorie Sport bis Jahrgang 1970<\/strong><\/p>\n\n\n\n<ul class=\"wp-block-list\">\n<li>Motor und Getriebe m\u00fcssen original sein (Austauschmotor wird nicht zugelassen).<\/li>\n\n\n\n<li>Der Retourgang muss funktionieren.<\/li>\n\n\n\n<li>Original Motor darf frisiert werden.<\/li>\n\n\n\n<li>Motor mit Aufladung oder Einspritzung sind nicht zugelassen.<\/li>\n\n\n\n<li>Die maximale Breite des Zugfahrzeuges ist 1.3m.<\/li>\n\n\n\n<li>Der Anh\u00e4nger darf Maximum 1.6m breit sein und muss hinter dem Sitz, zum Schutz vor R\u00fcckenverletzungen auf einem halben Meter H\u00f6he. 0.5m \u00dcberhang haben. Die Antriebsr\u00e4der d\u00fcrfen nicht mehr als 80cm Durchmesser haben (mit Pneu).<\/li>\n\n\n\n<li>Die Hinterachse darf gefedert sein.<\/li>\n\n\n\n<li>Austauschmotorisierte und j\u00fcngere gelten als Prototypen!<\/li>\n<\/ul>\n\n\n\n<p><strong>Kategorie Prototypen<\/strong><\/p>\n\n\n\n<ul class=\"wp-block-list\">\n<li>Vorderachse und Getriebeblock m\u00fcssen von einem Einachser sein.<\/li>\n\n\n\n<li>Der Retourgang muss funktionieren.<\/li>\n\n\n\n<li>Fremdmotorisierung erlaubt<\/li>\n\n\n\n<li>Der Raddurchmesser (mit Pneu) darf maximal 80cm betragen.<\/li>\n\n\n\n<li>Die maximale Breite des Zugfahrzeuges ist 1.3m.<\/li>\n\n\n\n<li>Der Anh\u00e4nger darf maximal 1.6m breit sein.<\/li>\n\n\n\n<li>Die Hinterachse darf gefedert sein.<\/li>\n\n\n\n<li>Nur Vorderrad antrieb, 4&#215;4 und Heckantrieb verboten.<\/li>\n\n\n\n<li>Motor muss sich auf der Vorderachse befinden.<\/li>\n<\/ul>\n\n\n\n<p><strong>Kategorie Eigenbau Front<\/strong><\/p>\n\n\n\n<ul class=\"wp-block-list\">\n<li>Das Fahrzeug muss \u00fcber eine Knicklenkung verf\u00fcgen.<\/li>\n\n\n\n<li>Der Motor muss sich auf der Vorderachse befinden.<\/li>\n\n\n\n<li>Nur die Hinterachse darf gefedert sein.<\/li>\n\n\n\n<li> Ketten und Riemenschutz obligatorisch.<\/li>\n<\/ul>\n\n\n\n<p><strong>Kategorie Eigenbau Heck<\/strong><\/p>\n\n\n\n<ul class=\"wp-block-list\">\n<li>Das Fahrzeug muss \u00fcber eine Knicklenkung verf\u00fcgen.<\/li>\n\n\n\n<li>Der Motor muss sich auf der Hinterachse befinden.<\/li>\n\n\n\n<li>Vollfederung erlaubt.<\/li>\n\n\n\n<li>Ketten und Riemenschutz obligatorisch.<\/li>\n<\/ul>\n\n\n\n<p><strong>Kategorie Eigenbau 4&#215;4<\/strong><\/p>\n\n\n\n<ul class=\"wp-block-list\">\n<li>Das Fahrzeug muss \u00fcber eine Knicklenkung verf\u00fcgen.<\/li>\n\n\n\n<li>Vollfederung erlaubt<\/li>\n\n\n\n<li>Ketten und Riemenschutz obligatorisch.<\/li>\n\n\n\n<li>Fahrzeuge mit 4&#215;4 Antrieb<\/li>\n<\/ul>\n\n\n\n<p><strong>Kategorie Fun<\/strong><\/p>\n\n\n\n<p>Es sind alle willkommen, die Plausch halber mitmachen m\u00f6chten, ob mit einem Einachser einer Heuraupe oder einem Fasnachtsmobile. Es kommt nicht nur auf die Geschwindigkeit an, sondern um die Originalit\u00e4t. Gewinner wird durch die Zuschauer ermittelt.<\/p>\n\n\n\n<ul class=\"wp-block-list\">\n<li><\/li>\n<\/ul>\n\n\n\n<p><strong>Gilt f\u00fcr alle Kategorien<\/strong><\/p>\n\n\n\n<ul class=\"wp-block-list\">\n<li>Alle Fahrzeuge m\u00fcssen mit einer Abrissleine ausgestattet sein.<\/li>\n\n\n\n<li>Alle Fahrzeuge m\u00fcssen mit einer gut funktionierenden Bremse ausgestattet sein.<\/li>\n\n\n\n<li>Helm, \u00dcberrollb\u00fcgel und Sicherheitsgurt (ausser Standard) sind obligatorisch.<\/li>\n\n\n\n<li>Der \u00dcberrollb\u00fcgel muss mindestens 10cm h\u00f6her sein als der Helm des Fahrers.<\/li>\n\n\n\n<li>Spannset oder \u00e4hnliches werden nicht als Sicherheitsgurt zugelassen.<\/li>\n\n\n\n<li>Das Verwenden von Ketten und N\u00e4geln an den R\u00e4dern ist untersagt<\/li>\n\n\n\n<li>Es werden alle Rennen mit dem gleichen Fahrzeug gefahren. Fahrzeuge d\u00fcrfen somit nicht gewechselt werden ansonsten erfolgt die Disqualifikation.<\/li>\n\n\n\n<li>Pro Fahrzeug sind max. 2 Fahrer am Start zugelassen.<\/li>\n\n\n\n<li>R\u00e4der d\u00fcrfen w\u00e4hrend den L\u00e4ufen gewechselt werden, aber d\u00fcrfen die Bestimmungen nicht \u00fcberschreiten (Durchmesser, Ketten, N\u00e4geln usw.)<\/li>\n\n\n\n<li>F\u00fcr Kettenantrieb ist Kettenschutz obligatorisch.<\/li>\n\n\n\n<li>Der Sitz muss eine stabile (ausser Standart) Lehne haben. Helm und Abreissleine ist obligatorisch.<\/li>\n\n\n\n<li><strong>Fahrer welche unter Alkohol und\/oder Drogeneinfluss stehen werden disqualifiziert.<\/strong><\/li>\n<\/ul>\n\n\n\n<p>Das Reglement ist ge\u00e4ndert und nur zum Teil \u00fcbernommen worden.<\/p>\n\n\n\n<p><strong>Wertung Klassierungsmodus<\/strong><\/p>\n\n\n\n<p>Die Rennstrecke ist ca. 350 m lang. Es werden drei L\u00e4ufe an 2 Runden gefahren und die zwei besten L\u00e4ufe werden gewertet. Die Zeitmessung wird per Ampel ausgel\u00f6st. Die Rangliste wird nach der Rangverk\u00fcndigung abgegeben.<\/p>\n\n\n\n<p><strong>Minderj\u00e4hrige<\/strong><\/p>\n\n\n\n<p>Das schriftliche Anmelden sowie das Einschreiben vor Ort von Minderj\u00e4hrigen erfolgt ausschliesslich durch die Unterschrift des gesetzlichen Vertreters und werden nur so als g\u00fcltig angesehen. Andernfalls wird der Start nicht zugelassen!<\/p>\n\n\n\n<p><strong>Bemerkungen<\/strong><\/p>\n\n\n\n<p>Es wird konsequent nach Reglement gestartet, ohne Ausnahme!<\/p>\n\n\n\n<p><strong>Haftung<\/strong><\/p>\n\n\n\n<ul class=\"wp-block-list\">\n<li>Die Unfallversicherung ist Sache des Teilnehmers. Der Veranstalter lehnt jegliche Haftung ab.<\/li>\n\n\n\n<li>Aus Gr\u00fcnden der optimalen Rennabwicklung ist die Teilnehmerzahl begrenzt.<\/li>\n\n\n\n<li>Sofern die Teilnehmer \u00fcberschritten werden entscheidet die Reihenfolge des Anmeldungseingangs.<\/li>\n<\/ul>\n\n\n\n<p class=\"has-white-color has-text-color\"><strong>Allf\u00e4llige \u00c4nderungen des vorliegenden Reglements bleiben dem Veranstalter<\/strong><strong> vorbehalten<\/strong><\/p>\n","protected":false},"excerpt":{"rendered":"<p>Reglement Einachserrennen Hofstatt Kategorie Standard Kategorie Sport bis Jahrgang 1970 Kategorie Prototypen Kategorie Eigenbau Front Kategorie Eigenbau Heck Kategorie Eigenbau 4&#215;4 Kategorie Fun Es sind alle willkommen, die Plausch halber mitmachen m\u00f6chten, ob mit einem Einachser einer Heuraupe oder einem\u2026<\/p>\n","protected":false},"author":1,"featured_media":0,"parent":0,"menu_order":0,"comment_status":"closed","ping_status":"closed","template":"","meta":{"footnotes":""},"class_list":["post-27","page","type-page","status-publish","hentry"],"yoast_head":"<!-- This site is optimized with the Yoast SEO plugin v27.4 - https:\/\/yoast.com\/product\/yoast-seo-wordpress\/ -->\n<title>Reglement -<\/title>\n<meta name=\"description\" content=\"Einachserrennen Hofstatt Reglement\" \/>\n<meta name=\"robots\" content=\"index, follow, max-snippet:-1, max-image-preview:large, max-video-preview:-1\" \/>\n<link rel=\"canonical\" href=\"https:\/\/einachserteam-hinterland.ch\/index.php\/reglement\/\" \/>\n<meta property=\"og:locale\" content=\"de_DE\" \/>\n<meta property=\"og:type\" content=\"article\" \/>\n<meta property=\"og:title\" content=\"Reglement -\" \/>\n<meta property=\"og:description\" content=\"Einachserrennen Hofstatt Reglement\" \/>\n<meta property=\"og:url\" content=\"https:\/\/einachserteam-hinterland.ch\/index.php\/reglement\/\" \/>\n<meta property=\"article:modified_time\" content=\"2025-07-17T06:22:16+00:00\" \/>\n<meta name=\"twitter:card\" content=\"summary_large_image\" \/>\n<meta name=\"twitter:label1\" content=\"Gesch\u00e4tzte Lesezeit\" \/>\n\t<meta name=\"twitter:data1\" content=\"4\u00a0Minuten\" \/>\n<script type=\"application\/ld+json\" class=\"yoast-schema-graph\">{\"@context\":\"https:\\\/\\\/schema.org\",\"@graph\":[{\"@type\":\"WebPage\",\"@id\":\"https:\\\/\\\/einachserteam-hinterland.ch\\\/index.php\\\/reglement\\\/\",\"url\":\"https:\\\/\\\/einachserteam-hinterland.ch\\\/index.php\\\/reglement\\\/\",\"name\":\"Reglement -\",\"isPartOf\":{\"@id\":\"https:\\\/\\\/einachserteam-hinterland.ch\\\/#website\"},\"datePublished\":\"2022-03-05T06:13:08+00:00\",\"dateModified\":\"2025-07-17T06:22:16+00:00\",\"description\":\"Einachserrennen Hofstatt Reglement\",\"breadcrumb\":{\"@id\":\"https:\\\/\\\/einachserteam-hinterland.ch\\\/index.php\\\/reglement\\\/#breadcrumb\"},\"inLanguage\":\"de\",\"potentialAction\":[{\"@type\":\"ReadAction\",\"target\":[\"https:\\\/\\\/einachserteam-hinterland.ch\\\/index.php\\\/reglement\\\/\"]}]},{\"@type\":\"BreadcrumbList\",\"@id\":\"https:\\\/\\\/einachserteam-hinterland.ch\\\/index.php\\\/reglement\\\/#breadcrumb\",\"itemListElement\":[{\"@type\":\"ListItem\",\"position\":1,\"name\":\"Startseite\",\"item\":\"https:\\\/\\\/einachserteam-hinterland.ch\\\/\"},{\"@type\":\"ListItem\",\"position\":2,\"name\":\"Reglement\"}]},{\"@type\":\"WebSite\",\"@id\":\"https:\\\/\\\/einachserteam-hinterland.ch\\\/#website\",\"url\":\"https:\\\/\\\/einachserteam-hinterland.ch\\\/\",\"name\":\"\",\"description\":\"\",\"publisher\":{\"@id\":\"https:\\\/\\\/einachserteam-hinterland.ch\\\/#organization\"},\"potentialAction\":[{\"@type\":\"SearchAction\",\"target\":{\"@type\":\"EntryPoint\",\"urlTemplate\":\"https:\\\/\\\/einachserteam-hinterland.ch\\\/?s={search_term_string}\"},\"query-input\":{\"@type\":\"PropertyValueSpecification\",\"valueRequired\":true,\"valueName\":\"search_term_string\"}}],\"inLanguage\":\"de\"},{\"@type\":\"Organization\",\"@id\":\"https:\\\/\\\/einachserteam-hinterland.ch\\\/#organization\",\"name\":\"Einachserteam Hinterland\",\"url\":\"https:\\\/\\\/einachserteam-hinterland.ch\\\/\",\"logo\":{\"@type\":\"ImageObject\",\"inLanguage\":\"de\",\"@id\":\"https:\\\/\\\/einachserteam-hinterland.ch\\\/#\\\/schema\\\/logo\\\/image\\\/\",\"url\":\"https:\\\/\\\/einachserteam-hinterland.ch\\\/wp-content\\\/uploads\\\/2022\\\/03\\\/cropped-Logo-ER.png\",\"contentUrl\":\"https:\\\/\\\/einachserteam-hinterland.ch\\\/wp-content\\\/uploads\\\/2022\\\/03\\\/cropped-Logo-ER.png\",\"width\":2830,\"height\":1717,\"caption\":\"Einachserteam Hinterland\"},\"image\":{\"@id\":\"https:\\\/\\\/einachserteam-hinterland.ch\\\/#\\\/schema\\\/logo\\\/image\\\/\"}}]}<\/script>\n<!-- \/ Yoast SEO plugin. -->","yoast_head_json":{"title":"Reglement -","description":"Einachserrennen Hofstatt Reglement","robots":{"index":"index","follow":"follow","max-snippet":"max-snippet:-1","max-image-preview":"max-image-preview:large","max-video-preview":"max-video-preview:-1"},"canonical":"https:\/\/einachserteam-hinterland.ch\/index.php\/reglement\/","og_locale":"de_DE","og_type":"article","og_title":"Reglement -","og_description":"Einachserrennen Hofstatt Reglement","og_url":"https:\/\/einachserteam-hinterland.ch\/index.php\/reglement\/","article_modified_time":"2025-07-17T06:22:16+00:00","twitter_card":"summary_large_image","twitter_misc":{"Gesch\u00e4tzte Lesezeit":"4\u00a0Minuten"},"schema":{"@context":"https:\/\/schema.org","@graph":[{"@type":"WebPage","@id":"https:\/\/einachserteam-hinterland.ch\/index.php\/reglement\/","url":"https:\/\/einachserteam-hinterland.ch\/index.php\/reglement\/","name":"Reglement -","isPartOf":{"@id":"https:\/\/einachserteam-hinterland.ch\/#website"},"datePublished":"2022-03-05T06:13:08+00:00","dateModified":"2025-07-17T06:22:16+00:00","description":"Einachserrennen Hofstatt Reglement","breadcrumb":{"@id":"https:\/\/einachserteam-hinterland.ch\/index.php\/reglement\/#breadcrumb"},"inLanguage":"de","potentialAction":[{"@type":"ReadAction","target":["https:\/\/einachserteam-hinterland.ch\/index.php\/reglement\/"]}]},{"@type":"BreadcrumbList","@id":"https:\/\/einachserteam-hinterland.ch\/index.php\/reglement\/#breadcrumb","itemListElement":[{"@type":"ListItem","position":1,"name":"Startseite","item":"https:\/\/einachserteam-hinterland.ch\/"},{"@type":"ListItem","position":2,"name":"Reglement"}]},{"@type":"WebSite","@id":"https:\/\/einachserteam-hinterland.ch\/#website","url":"https:\/\/einachserteam-hinterland.ch\/","name":"","description":"","publisher":{"@id":"https:\/\/einachserteam-hinterland.ch\/#organization"},"potentialAction":[{"@type":"SearchAction","target":{"@type":"EntryPoint","urlTemplate":"https:\/\/einachserteam-hinterland.ch\/?s={search_term_string}"},"query-input":{"@type":"PropertyValueSpecification","valueRequired":true,"valueName":"search_term_string"}}],"inLanguage":"de"},{"@type":"Organization","@id":"https:\/\/einachserteam-hinterland.ch\/#organization","name":"Einachserteam Hinterland","url":"https:\/\/einachserteam-hinterland.ch\/","logo":{"@type":"ImageObject","inLanguage":"de","@id":"https:\/\/einachserteam-hinterland.ch\/#\/schema\/logo\/image\/","url":"https:\/\/einachserteam-hinterland.ch\/wp-content\/uploads\/2022\/03\/cropped-Logo-ER.png","contentUrl":"https:\/\/einachserteam-hinterland.ch\/wp-content\/uploads\/2022\/03\/cropped-Logo-ER.png","width":2830,"height":1717,"caption":"Einachserteam Hinterland"},"image":{"@id":"https:\/\/einachserteam-hinterland.ch\/#\/schema\/logo\/image\/"}}]}},"_links":{"self":[{"href":"https:\/\/einachserteam-hinterland.ch\/index.php\/wp-json\/wp\/v2\/pages\/27","targetHints":{"allow":["GET"]}}],"collection":[{"href":"https:\/\/einachserteam-hinterland.ch\/index.php\/wp-json\/wp\/v2\/pages"}],"about":[{"href":"https:\/\/einachserteam-hinterland.ch\/index.php\/wp-json\/wp\/v2\/types\/page"}],"author":[{"embeddable":true,"href":"https:\/\/einachserteam-hinterland.ch\/index.php\/wp-json\/wp\/v2\/users\/1"}],"replies":[{"embeddable":true,"href":"https:\/\/einachserteam-hinterland.ch\/index.php\/wp-json\/wp\/v2\/comments?post=27"}],"version-history":[{"count":3,"href":"https:\/\/einachserteam-hinterland.ch\/index.php\/wp-json\/wp\/v2\/pages\/27\/revisions"}],"predecessor-version":[{"id":1692,"href":"https:\/\/einachserteam-hinterland.ch\/index.php\/wp-json\/wp\/v2\/pages\/27\/revisions\/1692"}],"wp:attachment":[{"href":"https:\/\/einachserteam-hinterland.ch\/index.php\/wp-json\/wp\/v2\/media?parent=27"}],"curies":[{"name":"wp","href":"https:\/\/api.w.org\/{rel}","templated":true}]}}